e p(w).
4
Let b(r) be the first derivative of 3*r**4/2 + r**3/3 - r**2/2 - r + 10. Determine b(-1).
-5
Let z(y) = 9*y**2 - 14*y - 7. Let p(v) = -4*v**2 + 7*v + 3. Let k(t) = -5*p(t) - 2*z(t). Calculate k(5).
14
Let b(p) = -16*p - 3. Let n be b(-3). Let f be ((-1)/(-3))/(5/n). Let k(w) = -w**3 + 3*w**2 - 2*w + 3. What is k(f)?
-3
Let q(h) = h**3 - 2*h**2 + h + 2. Suppose 5*w - 2*c + 90 = -7*c, -4*w + c - 92 = 0. Let z be w/(-55)*1*5. Calculate q(z).
4
Let x(d) = -d - 4. Let y be x(-4). Suppose c + 0 - 1 = y. Let b(l) = c + 7 + l**2 - 2*l + l. Give b(0).
8
Suppose 3*w + 6 = 0, w + 4 = 4*x + 5*w. Suppose -x*a + 2 = -a. Let u(l) = -18*l**2 + 2*l + 1 + 25*l**2 - 2. Determine u(a).
8
Let n = 6 - 4. Suppose -4*a + 22 = -2*m, -m = 5*a + n*m. Let f(s) = -1 + 3*s - a*s - 8*s**2. What is f(1)?
-9
Let h(q) = -q**2 - q + 2. Let b(u) = u + 12. Let l be b(-10). Suppose -l*p = -m - 2, 0*m - 5*m = 3*p - 16. What is h(m)?
-4
Let r(s) be the first derivative of s**3/3 + s**2/2 + 10*s - 1. Let p = 30 + -30. Determine r(p).
10
Let t(j) be the third derivative of -j**6/360 + j**5/24 + j**4/4 + 2*j**3/3 + j**2. Let y(w) be the first derivative of t(w). Give y(5).
6
Let u be -2 - 4/(2 + -3). Let j(i) = -3 + 1 - 3*i + u*i. Let n(o) = -2*o + 19. Let q be n(12). Determine j(q).
3
Let k = -24 - -20. Let c(v) = -3*v - 2. Give c(k).
10
Let k(j) = 2*j - 4. Let x be k(4). Let t(b) be the second derivative of -5/12*b**4 + 0 - 3*b + 1/2*b**3 + 1/20*b**5 - b**2. Calculate t(x).
-6
Let z(y) be the first derivative of -1/3*y**3 + 3 + 7*y - 3/2*y**2. Determine z(-5).
-3
Let d(m) = m**2 + m + 5. Let j(l) = -l + 6. Let x = 20 - 14. Let f be j(x). Give d(f).
5
Let a = -1 - 3. Let x = 17 - 23. Let d(l) = l**2 + 4. Let b(p) = 2*p**2 + p + 8. Let m(q) = x*b(q) + 11*d(q). Give m(a).
4
Let k(q) = -q + 1. Let a be 7 + 0/2 + -1. Let r = a + 0. Let c be k(r). Let z(j) = j + 11. Give z(c).
6
Let s(l) = l + 3. Let o = -3 - 0. Let i be s(o). Let p(d) = 5*d + 0 + 2 + d**2 + i. Calculate p(-5).
2
Let o(n) = 9*n**2 + 11*n + 9. Let v(z) = 4*z**2 + 5*z + 4. Let w(r) = -2*o(r) + 5*v(r). Suppose i - 6*i - 10 = 0. Give w(i).
4
Let c(j) = 1 - j + 6*j**2 - 4*j**2 + 2*j**2 + j**2 - j**3. Calculate c(5).
-4
Let j(v) = -v**3 + 6*v**2 + 6*v + 3. Suppose 6*y + 41 = 3*h + 2*y, -4*y = 4*h - 8. Determine j(h).
-4
Let p(s) = 4*s**2 - s + 7 - 3*s**2 + 11*s - 2*s. What is p(-6)?
-5
Let v(u) = u**3 + u - 4. Let a(p) be the third derivative of -p**6/30 - 5*p**4/24 + 5*p**3/2 + 2*p**2. Let z(b) = 2*a(b) + 9*v(b). Calculate z(0).
-6
Let r(q) = 4*q**3 + 2*q**2 - q. Let k be r(1). Let s(g) = -g - 4. Let c be s(-7). Let y(v) = 2*v + v**c - 2*v - 6 - 4*v**2 - 4*v. Calculate y(k).
-1
Let j be ((-1)/3)/((-1)/(-51)). Let f(d) = -5*d**3 + 7*d**2 - 5*d + 7. Let x(r) = -14*r**3 + 20*r**2 - 14*r + 20. Let h(l) = j*f(l) + 6*x(l). Determine h(-1).
0
Let d(b) = 4 - 7 - b - b**2 + 0*b. Let j be (0/1 + 0)/2. Give d(j).
-3
Let s(p) be the third derivative of -p**5/60 - p**4/8 - p**3/3 - p**2. Determine s(-4).
-6
Let r(c) = c - 4. Let y = -12 + 8. Determine r(y).
-8
Let o(r) = -3*r**2 - r**3 - 2*r**2 + 4*r**2 - 5. Let z(n) = -n**2 + 14*n - 48. Let g be z(6). What is o(g)?
-5
Let u(v) = -v. Let k = 2 - -3. What is u(k)?
-5
Let i(z) = -z + 1. Let b be (-4)/5*25/(-10). Give i(b).
-1
Let f(y) = -2*y**2 + 2*y**3 + y**2 + 6 + 2*y + 5*y**2 - y**3. What is f(-4)?
-2
Let m = 4 - -4. Let c(d) = -d**3 + 7*d**2 + 7*d + 2. Determine c(m).
-6
Let d(j) = 2*j - 6. Let p be d(4). Let l(q) = 5*q - 1. What is l(p)?
9
Suppose 0 = -j + 3*p, -5*j + 6*p - 3*p = 0. Let i = -1 - j. Let b(k) = 5*k - 1. What is b(i)?
-6
Let s(n) = n + 1. Suppose 6*z = 10*z - 12. Calculate s(z).
4
Let v(z) = -z + 1. Let h be (-4)/6*27/(-18). Let s = h + 2. Give v(s).
-2
Let n(t) = 16*t**2 - 14*t**2 - 10*t**2 + 2*t - 8 - t + t**3. Determine n(8).
0
Suppose q = 5*q + z - 10, -4*q - 3*z = -6. Let j(o) = -3 - 3*o - 6 + q + 4. What is j(-2)?
4
Let t(c) = -c - 6. Suppose -2*r = 5*a + 30, 2*r - 1 = 2*a - 3. Determine t(a).
-2
Let t(d) = -13*d - 1. Let i(r) = 3*r. Let j(n) = -15*i(n) - 3*t(n). Give j(2).
-9
Let l(y) be the second derivative of y**3/6 + y**2/2 - 41*y. What is l(7)?
8
Let q = 58/39 - -1/78. Let j(l) be the first derivative of -1/4*l**4 + 5/3*l**3 + 1 + 7*l - q*l**2. Calculate j(5).
-8
Let u(z) = 1 + 3 - z - 5 + 3. Suppose 0*p - 4 = -2*p. Determine u(p).
0
Suppose 4*p = 6*p - 8. Suppose 0*d - p*d = 12. Let x(s) = s**3 + s**2 - 3*s + 3. What is x(d)?
-6
Suppose 6*k + 3*t = 3*k - 3, 4*t = 2*k - 22. Suppose 10 = k*l + 2*l. Suppose -l*r = -5*r. Let y(o) = -o - 5. Determine y(r).
-5
Suppose 3*v + 5*x - 25 = 0, -x = -7*v + 2*v + 23. Let p = -3 + v. Let z(f) = 2 - 3*f + 3*f - f**2. Determine z(p).
-2
Let i be (-14)/(-4) + 2/(-4). Suppose -4*n = 12, i*q - 5 = n + 13. Let w(j) = -j**3 + 2*j - 2*j**2 + j + 7*j**2 - 6. Give w(q).
9
Let w be -1 + -1*(-12)/2. Let h(k) = w - k**2 + 5*k - 4*k - 10 + 0*k. Determine h(0).
-5
Let d(q) be the third derivative of 0*q + 0*q**3 + 1/24*q**4 - 3*q**2 + 0. What is d(3)?
3
Let y(f) = f**3 + 6*f**2 - 8*f - 6. Suppose -5*h - 5*l - 35 + 5 = 0, -38 = 5*h - 3*l. Calculate y(h).
1
Let h = 1 + 2. Let i(n) = 9*n**3 - n**2 - 7*n - 17. Let o(u) = 4*u**3 - 4*u - 8. Let l(q) = h*i(q) - 7*o(q). Give l(-4).
-7
Let k = -4 + 7. Suppose -4*p = -5*o - 23, 0 = 4*o - k*p + 11 + 7. Let w(z) = 2*z + 2. Determine w(o).
-4
Let d = -9 + 14. Let n(u) be the second derivative of -u**5/60 + u**4/6 + u**3/6 - u. Let r(a) be the second derivative of n(a). Give r(d).
-6
Let l(c) be the first derivative of -2*c**3/3 - 3*c**2/2 - c - 45. What is l(-3)?
-10
Suppose 0 = -7*z + 3*z + 100. Suppose z = -3*o + 8*o. Let b(a) = -o + 2 - 2 - a. Give b(0).
-5
Let w(i) = -1. Let z(b) = -b**2 - 2*b. Let d(v) = -3*w(v) + z(v). Calculate d(-4).
-5
Let o(p) = -5*p**2 + p - 3. Let x(u) = -u**2 - 1. Let a(k) = -o(k) + 4*x(k). Give a(0).
-1
Let y(d) = -d + 1. Let h be y(6). Let c = h - -8. Let t(x) = x**2 - 2*x. Give t(c).
3
Let k(v) = -4*v**2 + 1 + 4*v - 3 - 3*v. Let o(a) = -5*a**2 - 3. Let y(m) = -4*k(m) + 3*o(m). Give y(4).
-1
Let a(p) = 2*p + 6. Let r(s) = -s**2 + 15*s - 18. Let h be r(14). Calculate a(h).
-2
Let j(i) = 1 - 8*i - 12*i + 0 + 8*i. What is j(-1)?
13
Let f be 26/8 - (-1)/(-4). Let l(x) = -1. Let z(d) be the second derivative of -d**4/12 - 2*d**2 + 9*d. Let g(o) = 5*l(o) - z(o). Give g(f).
8
Let u(z) be the third derivative of z**6/120 + z**5/12 + 5*z**4/24 + 5*z**3/6 + 8*z**2. Suppose 5*w = -4*l - 23 - 5, -2 = 2*w - 3*l. What is u(w)?
1
Let s = 76 + -81. Let f(y) = y**3 + 4*y**2 - 6*y - 4. Calculate f(s).
1
Let d(v) = v**3 + 7*v**2 + 8*v + 10. Let f be d(-6). Let x(s) = 2*s**3 + 2*s**2 - 2. Give x(f).
-10
Let b(l) = -2*l + 1. Let r(v) = -v**3 + 8*v**2 + 8*v + 6. Let g be r(9). What is b(g)?
7
Let s(l) = -l**3 - l**2 - 4*l + 9. Suppose -3*x + 4*o = -31, 5*o + 7 = 4*x - 33. Let z(u) = -u**3 - u**2 - 5*u + 10. Let m(j) = x*z(j) - 6*s(j). What is m(0)?
-4
Let q(a) = -a**2 + 2*a - 2. Let p(w) = 2*w**2 - 3*w + 5. Let u(r) = -2*p(r) - 5*q(r). What is u(5)?
5
Let k(n) be the first derivative of -n**2/2 - 7*n + 1. Suppose u - 7*u = 0. Determine k(u).
-7
Let q = -11 - -7. Let i(j) = -j**2 + 1. Let x(o) = 4*o**2 + 5*o + 1. Let s(k) = 3*i(k) + x(k). Give s(q).
0
Let r(p) = -p + 1. Let g = 4 - 3. Determine r(g).
0
Let f(n) = -3*n**3 + 2*n**2 + 6*n + 5. Let m be f(-1). Let i(x) = -x**2 - 3*x + 6. Give i(m).
-22
Let r = -198 + 198. Let a(p) be the second derivative of -p + r - 1/6*p**3 - p**2. Give a(3).
-5
Suppose 1 = -4*h + 17. Let c = 5 - 0. Let u(p) = -2*p + 6 + h - c. What is u(4)?
-3
Let m(a) = -a**3 - 6*a**2 - 3*a + 7. Suppose -10 + 0 = -2*o. Suppose -o = 5*q + z + 15, 2*z - 5 = -q. Determine m(q).
-3
Let f(b) = -2*b**3 - 2*b**2 - b - 2. Let m(p) = p**2 + 1. Let c be 1/((-2)/1)*-2. Let w(g) = c*f(g) + 2*m(g). Give w(1).
-3
Let p = -8 + 10. Let l(h) = -2*h**2 + h + 6*h**2 + 1 + 0*h**p - 7*h**2. Calculate l(2).
-9
Let o(s) be the first derivative of s**3/3 - s**2/2 - 3*s + 1. Give o(0).
-3
Let d(v) = -3*v. Let t(f) = 3*f**2 + f + 1. Let a be t(-1). What is d(a)?
-9
Let g(j) = -j**3 + j - 1. Suppose -h - 13 = -3*i, 4*h - 11 = -4*i + 17. Calculate g(h).
-7
Let g(w) = -2*w**2 + 17*w - 7. Let r(m) = -m**2 + m. Let q(j) = -5*j**2 + 13*j - 4. Let b(k) = q(k) - 4*r(k). Let h(v) = -5*b(v) + 3*g(v